9249
List the prime factors of 394954.
2, 7, 28211
What are the prime factors of 328553?
101, 3253
What are the prime factors of 376704?
2, 3, 109
List the prime factors of 332665.
5, 66533
List the prime factors of 34159148.
2, 31, 83, 3319
What are the prime factors of 36545?
5, 7309
What are the prime factors of 4482251?
103, 43517
List the prime factors of 17191880.
2, 5, 429797
What are the prime factors of 2342922?
2, 3, 390487
What are the prime factors of 7213687?
13, 554899
What are the prime factors of 3329528?
2, 41, 10151
List the prime factors of 11493344.
2, 359167
What are the prime factors of 2716389?
3, 13, 71, 109
List the prime factors of 12021772.
2, 7, 429349
What are the prime factors of 635006?
2, 317503
What are the prime factors of 203112?
2, 3, 7, 13, 31
What are the prime factors of 522094?
2, 41, 6367
List the prime factors of 30215531.
30215531
List the prime factors of 283553.
283553
What are the prime factors of 10017?
3, 7, 53
List the prime factors of 192818.
2, 229, 421
List the prime factors of 6689908.
2, 17, 131, 751
What are the prime factors of 305366?
2, 61, 2503
List the prime factors of 13262441.
79, 167879
What are the prime factors of 1731388?
2, 432847
What are the prime factors of 4476870?
2, 3, 5, 5527
What are the prime factors of 2667404?
2, 37, 67, 269
What are the prime factors of 3585308?
2, 896327
What are the prime factors of 1563603?
3, 521201
List the prime factors of 3962439.
3, 13, 53, 71
What are the prime factors of 4177969?
4177969
What are the prime factors of 1912808?
2, 181, 1321
What are the prime factors of 1143337?
13, 37, 2377
What are the prime factors of 188039?
43, 4373
List the prime factors of 967130.
2, 5, 17, 5689
List the prime factors of 2320316.
2, 580079
What are the prime factors of 20398026?
2, 3, 11, 37, 8353
List the prime factors of 1916612.
2, 479153
What are the prime factors of 495080?
2, 5, 12377
What are the prime factors of 2508525?
3, 5, 11149
List the prime factors of 137210.
2, 5, 13721
What are the prime factors of 279276?
2, 3, 17, 37
What are the prime factors of 7897351?
7, 11, 102563
List the prime factors of 6303455.
5, 1260691
List the prime factors of 497216.
2, 17, 457
List the prime factors of 96806.
2, 97, 499
What are the prime factors of 227180?
2, 5, 37, 307
List the prime factors of 1106907.
3, 67, 5507
What are the prime factors of 7143946?
2, 3571973
What are the prime factors of 1637298?
2, 3, 13, 6997
What are the prime factors of 251183?
23, 67, 163
List the prime factors of 1747301.
1747301
What are the prime factors of 1672706?
2, 7, 163, 733
What are the prime factors of 3917178?
2, 3, 269, 809
List the prime factors of 45115.
5, 7, 1289
What are the prime factors of 2871636?
2, 3, 61, 3923
What are the prime factors of 10769?
11, 89
List the prime factors of 1465736.
2, 19, 9643
What are the prime factors of 1038234?
2, 3, 173039
What are the prime factors of 8657285?
5, 7, 13, 53, 359
List the prime factors of 1286506.
2, 13, 49481
List the prime factors of 3672689.
3672689
List the prime factors of 3394361.
107, 31723
List the prime factors of 8269805.
5, 73, 139, 163
What are the prime factors of 1620059?
7, 199, 1163
List the prime factors of 572747.
7, 17, 4813
What are the prime factors of 529733?
197, 2689
What are the prime factors of 31245?
3, 5, 2083
List the prime factors of 4738028.
2, 1184507
List the prime factors of 243507.
3, 11, 47, 157
List the prime factors of 1186478.
2, 23, 25793
What are the prime factors of 3647021?
7, 263, 283
List the prime factors of 1964676.
2, 3, 7, 19, 1231
What are the prime factors of 553620?
2, 3, 5, 9227
What are the prime factors of 185866?
2, 199, 467
What are the prime factors of 481636?
2, 347
What are the prime factors of 6264615?
3, 5, 7, 59663
What are the prime factors of 28508?
2, 7127
List the prime factors of 92222.
2, 13, 3547
List the prime factors of 689757.
3, 19, 12101
What are the prime factors of 4674874?
2, 19, 43, 2861
List the prime factors of 2727365.
5, 545473
What are the prime factors of 63803?
63803
What are the prime factors of 32190830?
2, 5, 7, 577, 797
What are the prime factors of 3983123?
3983123
List the prime factors of 936868.
2, 234217
What are the prime factors of 2278063?
2278063
List the prime factors of 293037.
3, 19, 53, 97
What are the prime factors of 1176493?
821, 1433
What are the prime factors of 110861?
59, 1879
What are the prime factors of 76947?
3, 13, 1973
What are the prime factors of 3055432?
2, 167, 2287
What are the prime factors of 2777636?
2, 694409
What are the prime factors of 276681?
3, 92227
What are the prime factors of 1888436?
2, 11, 167, 257
List the prime factors of 574592.
2, 67
List the prime factors of 1893935.
5, 23, 43, 383
List the prime factors of 184368.
2, 3, 23, 167
What are the prime factors of 875840?
2, 5, 7, 17, 23
What are the prime factors of 5323951?
547, 9733
List the prime factors of 407908.
2, 101977
List the prime factors of 19235578.
2, 9617789
List the prime factors of 550818.
2, 3, 71, 431
List the prime factors of 2275336.
2, 7, 41, 991
What are the prime factors of 242214?
2, 3, 7, 73, 79
What are the prime factors of 7181897?
7181897
List the prime factors of 425216.
2, 11, 151
List the prime factors of 1312630.
2, 5, 11, 11933
What are the prime factors of 7543439?
7543439
What are the prime factors of 864669?
3, 13, 22171
List the prime factors of 1831833.
3, 37, 5501
What are the prime factors of 10558647?
3, 11, 73, 487
List the prime factors of 139771.
23, 59, 103
List the prime factors of 17050101.
3, 5683367
What are the prime factors of 1677002?
2, 503, 1667
What are the prime factors of 15614385?
3, 5, 1040959
What are the prime factors of 1779084?
2, 3, 17, 19
What are the prime factors of 16535871?
3, 11, 19, 59, 149
List the prime factors of 429762.
2, 3, 41, 1747
What are the prime factors of 12193445?
5, 11, 47, 53, 89
What are the prime factors of 210715?
5, 17, 37, 67
What are the prime factors of 313013?
89, 3517
List the prime factors of 159369.
3, 7, 7589
What are the prime factors of 3422471?
13, 263267
List the prime factors of 4237533.
3, 470837
What are the prime factors of 148597?
17, 8741
What are the prime factors of 3888473?
131, 29683
What are the prime factors of 232122?
2, 3, 11, 3517
List the prime factors of 21631721.
21631721
List the prime factors of 474017.
474017
What are the prime factors of 364355?
5, 72871
What are the prime factors of 1301573?
7, 13, 14303
What are the prime factors of 1020641?
59, 17299
What are the prime factors of 33379?
29, 1151
List the prime factors of 27874487.
31, 899177
List the prime factors of 4458387.
3, 739, 2011
What are the prime factors of 210275?
5, 13, 647
List the prime factors of 2726948.
2, 7, 13913
What are the prime factors of 537095?
5, 13, 8263
What are the prime factors of 824196?
2, 3, 68683
What are the prime factors of 283027?
283027
List the prime factors of 2255042.
2, 179, 6299
List the prime factors of 1479616.
2, 61, 379
List the prime factors of 122134.
2, 79, 773
What are the prime factors of 2779667?
11, 59, 4283
What are the prime factors of 19487340?
2, 3, 5, 108263
What are the prime factors of 3274738?
2, 29, 131, 431
What are the prime factors of 6742671?
3, 13, 83, 2083
List the prime factors of 11839583.
7, 1691369
List the prime factors of 336645.
3, 5, 7481
List the prime factors of 112585.
5, 11, 23, 89
List the prime factors of 52999.
52999
List the prime factors of 3109414.
2, 7, 11, 61, 331
What are the prime factors of 31414?
2, 113, 139
List the prime factors of 2451333.
3, 817111
What are the prime factors of 5305339?
13, 59, 6917
List the prime factors of 157900.
2, 5, 1579
What are the prime factors of 103982?
2, 51991
What are the prime factors of 338521?
17, 19913
List the prime factors of 244410.
2, 3, 5, 8147
What are the prime factors of 27947790?
2, 3, 5, 13, 23887
What are the prime factors of 6489152?
2, 41, 2473
What are the prime factors of 49226?
2, 151, 163
What are the prime factors of 4349618?
2, 7, 13, 23899
List the prime factors of 122381.
7, 17483
List the prime factors of 2252236.
2, 7, 11491
List the prime factors of 860345.
5, 172069
What are the prime 